643, 6*s - 5*s = 2*q + 2653. What is the thousands digit of s?
2
Let p be -94*1*-2*1886/184. Suppose 5*h - 3851 = -4*b - 0*h, -2*b - 3*h = -p. What is the units digit of b?
9
Let k = 9 + -17. Let n be 49/14*k*1*-1. Suppose 2*t = -n + 222. What is the units digit of t?
7
Suppose -222 = 4*v - 6*v + 3*w, 0 = -4*w - 16. Suppose -v*x = -99*x - 3450. What is the tens digit of x?
7
Let c = -1102 - -1214. Let z = 3 + -1. Suppose -z*d + c = -4. What is the tens digit of d?
5
Let g = -1304 - -3092. Suppose 0 = 15*b - 5718 + g. What is the hundreds digit of b?
2
Let g = -20 - -19. Let o be (-52)/(-10) + g/5. Suppose 34 = -5*x + o*h + 764, 2*h - 2 = 0. What is the hundreds digit of x?
1
Suppose 171907 = 160*z - 1238973. What is the tens digit of z?
1
Let z = 428 - 426. Suppose -2615 = -4*q + j, -4*q + 5*j = -z*q - 1285. What is the units digit of q?
5
Let l(k) = k**3 + 8*k**2 + 3*k - 33. Let t be l(8). Suppose 6*a = 695 + t. What is the hundreds digit of a?
2
Let v = 601 - 607. Let c(j) = 2 + 3*j**2 + 8*j + 2*j - 4*j. What is the units digit of c(v)?
4
Suppose -31*m - 56 = -45*m. Suppose -1410 = -m*i - 26*i. What is the units digit of i?
7
Suppose -34*j = -337886 - 123324. What is the thousands digit of j?
3
Suppose 8 = -g - 2*i, 2*g - 13*i + 14 = -16*i. What is the units digit of (2688/30)/(-1)*(-14 - g)?
6
Let m(u) = u**3 - 41*u**2 - 34*u - 403. What is the hundreds digit of m(44)?
9
Suppose -5*c - 6*n = -2*n - 1059, -c + 4*n = -207. Let y = -87 + c. What is the tens digit of y?
2
What is the units digit of ((-40)/45)/(-4) - (-1 + 24098/(-18))?
0
Let i(y) = -y**3 - 6*y**2 - 2*y - 7. Suppose -3*t + 2*o + 66 = -130, t + 5*o = 54. Let c = -70 + t. What is the units digit of i(c)?
5
Let b(k) = -313*k - 1969. What is the tens digit of b(-42)?
7
Suppose 14383 = 5*b - 110*t + 107*t, 4*t + 4 = 0. What is the units digit of b?
6
Suppose 2*w = -42 + 46. Suppose 5*d + w*b - 416 = 661, -647 = -3*d - 2*b. What is the units digit of d?
5
Let w be 4/((252/210)/(18/20)). Suppose -2*o + 2357 = 5*q + 798, q = -w*o + 2332. What is the units digit of o?
7
Suppose -2*u = x + 18, 2*u - 2*x - 13 = -37. Let p = u + 15. Suppose -76 = -p*i - 2*f, -f - 22 = -2*i + f. What is the tens digit of i?
1
Let z be (-847 - 33) + (-1)/((-1)/2). Let b = z - -1310. What is the units digit of b?
2
Let x(t) = 4 - 20 + 56*t - 29 - 39. What is the tens digit of x(7)?
0
Let f(u) be the second derivative of u**5/10 - u**4/12 - 3*u**3/2 + 5*u**2/2 - u. Let j be 5035/1060 + 2/8. What is the units digit of f(j)?
5
Suppose 9*u - 4*u - 5*q - 2985 = 0, 5*u = -5*q + 2995. Let k = u + -319. What is the hundreds digit of k?
2
Suppose 0 = 6*u - 0 - 42. Let q(i) = 59*i + 2. What is the hundreds digit of q(u)?
4
Suppose -9*w - 6 = -5*w - 2*p, p = -w - 9. Let b(g) = -8*g**2 - 4*g + 8. Let z be b(w). Let q = z + 153. What is the units digit of q?
9
Suppose 3*x - 24 = 4*r, 3*x - 3*r + 2*r = 24. Suppose 0 = x*y - 649 - 6927. What is the tens digit of y?
4
Let m(c) = 2*c - 19. Let v be m(12). Suppose -5*f = 2*y - 1521, 722 + 2345 = 4*y + v*f. What is the units digit of y?
3
Let r(y) = y**3 - 3*y**2 - 6*y + 8. Let z be r(4). Suppose -x = -z*x - 0*x. Suppose 0 = -0*t + 4*t - 5*d - 696, x = 5*d. What is the hundreds digit of t?
1
Suppose 4 = -8*s + 148. Suppose 0 = -s*n + 8227 + 10673. What is the hundreds digit of n?
0
Let m = 454 - 461. Let v(d) = 3*d**2 + 4*d + 20. What is the hundreds digit of v(m)?
1
Let v be (-20)/150 - (-3)/((-90)/(-124)). Suppose -3*r + 698 = k - 5*r, v*r - 2104 = -3*k. What is the tens digit of k?
0
Let v = 9256 - 4347. What is the units digit of v?
9
Suppose -2 = -2*v + 4*v, 5*v + 98 = t. Let i = 27 + t. Let p = i + -54. What is the units digit of p?
6
Suppose 24 = 9*q - 12. Suppose -750 = -q*t + 346. What is the tens digit of t?
7
Suppose 0 = 4*n - 1 + 9. Let s be (-931)/21 - n/6. Let o = -14 - s. What is the units digit of o?
0
Let o(q) = 5*q**2 - 29*q + 35. Let f be o(15). What is the units digit of ((-132240)/f)/(0 + (-3)/10)?
8
Suppose 2*q - t + 2657 = 0, -4*q - q + 4*t - 6635 = 0. Let n = q - -2448. What is the thousands digit of n?
1
Let l(d) = -d**3 - 15*d**2 - 2*d - 25. Let f be l(-15). Suppose 0 = -3*x + 7*x + 5*c - 3235, f*x + 3*c - 4034 = 0. What is the tens digit of x?
0
Suppose 87*q - a = 83*q + 19770, 2*q + 2*a - 9880 = 0. What is the tens digit of q?
4
Suppose -294 = 4*x + 10*x. What is the hundreds digit of (-1)/(x/(-70))*-54?
1
Let i(l) be the first derivative of l**3/3 + 9*l**2/2 + 20*l - 233. Let k(q) = q**3 + 2*q**2 - 5*q - 2. Let y be k(-4). What is the units digit of i(y)?
0
Let c = -712 + 718. Suppose 11*b - 648 = -q + c*b, -2*b = -4*q + 2504. What is the units digit of q?
8
Suppose -m + 8*v - 4*v + 360 = 0, -2*v + 1778 = 5*m. Suppose 0 = -s - 4*u - 104, -4*s - 3*u - m = u. What is the units digit of (-4608)/s + 1/7?
5
Let y = 17060 - -20808. What is the hundreds digit of y?
8
Let c(f) be the third derivative of -f**5/30 - f**4/24 + 80*f**3 - 190*f**2. What is the units digit of c(0)?
0
Suppose 42331 = b - 1155*a + 1152*a, 5*b - 2*a = 211551. What is the ten thousands digit of b?
4
Suppose 0 = 35*w - 43182 - 166223. What is the hundreds digit of w?
9
Let k(c) = 264 + 2*c**3 - c**3 - 7609*c + 7605*c. What is the hundreds digit of k(0)?
2
What is the units digit of 352/12*(2 + 865/10)?
6
Let y(m) = -5 - 4*m + 27*m**3 - 4 + 9*m**2 - 28*m**3. Let v = -5 + 11. What is the tens digit of y(v)?
7
Let u(g) be the third derivative of g**4/24 + g**3 + 8*g**2. Let y be u(13). Suppose -22*w + y*w + 78 = 0. What is the tens digit of w?
2
Let b(y) = -4*y**2 - 31*y + 10. Let q be b(-8). Suppose -4*d - 606 = -2*a, -a = 2*a + q*d - 941. What is the tens digit of a?
1
Let u = -84 - -66. What is the tens digit of 162*3/(u/(-24))?
4
Suppose -15*u = -10*u - 2*j - 12, 3*u - 5*j + 8 = 0. Suppose -2*p = -c - 0*p + 197, -u*p - 800 = -4*c. What is the hundreds digit of c?
2
Let f(d) = -3*d + 3*d + 2*d + 16 + 3. Let r(g) = -2*g - 20. Let v(q) = 5*f(q) + 4*r(q). What is the units digit of v(-3)?
9
Let u(f) be the first derivative of 2*f**3/3 - 11*f**2/2 + 66*f - 42. What is the hundreds digit of u(15)?
3
Suppose -30*c + 57185 = -355855. What is the hundreds digit of c?
7
Let m(q) = -2*q**2 - 16*q - 15. Let x be m(-6). What is the units digit of 788 + (-6)/18*x?
5
Suppose -15*i - 3*i = 54. What is the tens digit of (-1 + 1395/(-6))*(i + 1)?
6
Suppose -3*g = 2*i - 4587, 6*i - 9*i + 6892 = -7*g. What is the tens digit of i?
9
Let y(d) = d**3 - 10*d**2 + 8*d + 7. Let m be y(9). Let t be 9 - 8 - (-1 - m). Suppose -w = -43 - t. What is the units digit of w?
3
Let c(u) = 2*u**3 + 102*u**2 - 220*u + 23. What is the tens digit of c(-52)?
5
Let o(w) = 34*w**3 + 3*w**2 - 40*w + 280. What is the units digit of o(8)?
0
Suppose 3*o + 4*f = 2321, 5*o - 3*f = -f + 3903. Let u = -278 + o. Let a = u - 338. What is the tens digit of a?
6
Let d(b) = 7*b**2 - 7*b - 94. What is the tens digit of d(-39)?
2
Let l(m) = -436*m + 2560. What is the ten thousands digit of l(-66)?
3
Let d = -795 + 1352. Let j = d - 325. What is the tens digit of (-60)/(-24)*j/10?
5
What is the tens digit of 2/(-10) - 4820809/(-1445)?
3
Let w(c) be the second derivative of c**4/12 - 13*c**3/6 - 27*c**2/2 + 32*c. Let k be w(15). Suppose -k*o - 1575 = -12*o. What is the tens digit of o?
7
Let y(f) be the third derivative of -f**6/120 - 3*f**5/20 + 5*f**4/6 - 8*f**3/3 + 4*f**2. Let a be y(-11). What is the tens digit of (-4)/a*(-1326)/4?
2
Suppose -u + 5401 = 4810. What is the units digit of u?
1
Let j(a) = -6*a + 122. Let y be j(20). Suppose 3*w = 9*r - 14*r + 2749, 2*r = -y*w + 1834. What is the hundreds digit of w?
9
Let b(f) = 39*f**2 - 91*f**2 - 6 - 6*f + 33*f**2 + 29*f**2. What is the tens digit of b(8)?
8
Let q(g) = -g**3 + 13*g**2 - g + 9. Suppose 31*m - 104 = 18*m. What is the hundreds digit of q(m)?
3
Let y be 11/33*(7 + 2/(-2)). Suppose -14 = -3*m + y*t, 4*t + 34 = 4*m + 10. Suppose 2*l - 137 = -f, 4*l - m = 14. What is the units digit of f?
9
Let u be ((-168)/15)/((-10)/25). Let g = u + -26. Suppose g*w + 3*h - 9 = 4, -2*w - 5*h = -7. What is the units digit of w?
1
Let r(m) = -53 - 52 - 6*m + 116 + 15*m**2. Let u be r(3). Suppose 3*l + u = 5*l. What is the tens digit of l?
6
Suppose 15*s - 13*s = -5*l + 60710, -30361 = -s - l. 